nd q?
7
Suppose 138 = 16*z - 102. Suppose 486 = 4*p + 3*m, 4*p - 347 = -5*m + 143. What is the greatest common divisor of z and p?
15
Suppose 4*l = 3*l + 33. Let d(b) = 3*b**3 + b**2 - 7*b + 51. Let f be d(4). What is the highest common divisor of f and l?
33
Suppose -r - 964 = -4*h - 3*r, 4*h = r + 964. Suppose c - 2*p - 2*p = 57, -h = -3*c - 2*p. What is the greatest common factor of 11 and c?
11
Let l be 23 - ((-105)/(-12) - ((-143)/(-52) - 2)). Suppose 411 = 3*f + 3*o, 3*o - 2*o = 2*f - 268. Calculate the greatest common factor of f and l.
15
Let a be ((-2)/(-4))/(2/20). Let w(o) = -343 - 341 + o**2 - 3*o - 336 + 1018. Let r be w(a). Calculate the greatest common factor of r and 12.
4
Let w be (-33800)/((-2)/1) - (-27)/(-432)*0. Calculate the highest common divisor of 100 and w.
100
Let a(h) = h**3 + 36*h**2 - 2078*h - 17. Let g be a(-67). Let j(n) = 18*n**2 + n + 5. Let l be j(-5). What is the highest common divisor of l and g?
50
Let q(v) = v + 33. Let w = -98 + 89. Let d be q(w). Suppose 4*i = i + 18. What is the highest common divisor of i and d?
6
Suppose 2*j - 152 = 4*h, -3*j - 1641*h + 111 = -1638*h. Let n be 15*(1 + 13 + 1). What is the greatest common divisor of j and n?
25
Suppose -5*w + 0*w = -0*w. Suppose 2*a - 4*z = 24, w*a - 3*z = -a + 11. Let k = 25 + a. Calculate the greatest common divisor of k and 156.
39
Let o(s) = s**2 + s + 30. Let x be o(0). Suppose 293 = -2*f + 25. Let u = f - -224. Calculate the highest common factor of u and x.
30
Suppose 61*p + 32*p - 1165941 = 0. What is the highest common factor of p and 63?
63
Let n(c) = 6*c - 42. Let r be n(7). Suppose 16*l - 8*l - 96 = r. Let w be ((-18)/(-24))/(2/288). What is the highest common factor of w and l?
12
Suppose -2*d + 3 = 5*k - 18, 4*d - 27 = 5*k. What is the greatest common factor of 244 and d?
4
Let m(t) = -t**3 - 6*t**2 + 12*t + 16. Let g be m(-8). Let u = g + 194. Calculate the greatest common divisor of u and 22.
22
Suppose 0 = -4*n + 131 + 37. Let d(i) = 648*i - 10911. Let x be d(17). Calculate the highest common divisor of x and n.
21
Let c = 331 - 329. Suppose c*w - 54 = -0*w + 4*k, -3*k - 55 = -2*w. Calculate the greatest common factor of 261 and w.
29
Let u(g) = -7*g**3 + 35*g**2 - 3*g + 12. Let b be u(5). Let y(f) = f**3 + 10*f**2 + 7*f - 10. Let z be y(b). What is the highest common factor of z and 304?
16
Suppose 4*d - 6170 = -3*k, -5*k - 383*d + 10270 = -379*d. What is the greatest common factor of 500 and k?
50
Let b be (4/(-6)*(-279)/10)/(41/1025). Calculate the highest common divisor of b and 1085.
155
Suppose 5*o + 0 = -25, 5*p = -o + 2630. Suppose 0 = -2*a + 3*g + 1249, 5*g = 3*a - p - 1345. What is the greatest common divisor of 37 and a?
37
Suppose 2*i + 6 = 4*p, -5 = -0*i - i. Suppose -18*z + 5456 = p*z. Suppose -3*s = -3, -c + 0*s + 27 = -4*s. What is the highest common factor of c and z?
31
Let m be (5334345/1938)/((-3)/(-8)). What is the highest common divisor of m and 20?
20
Suppose 185*m = 179*m + 354. Suppose -m*a + 48*a = -2728. What is the highest common divisor of 62 and a?
62
Let b = 1098 - -1932. Calculate the greatest common divisor of b and 10.
10
Suppose p = 5*f - 33, 2*f - 33 = 2*p + 1. Let y(t) = 6*t + 113. Let r be y(p). What is the highest common factor of r and 20?
5
Let g(l) = l**3 + 5*l**2 + 4*l + 2. Let d be g(-4). Suppose -d*q + 64 + 60 = 0. Suppose 5*c - 28 = q. What is the greatest common divisor of 2 and c?
2
Let g = -2988 + 4207. Calculate the highest common divisor of 69 and g.
23
Let f(c) = 2*c + 24. Let s be f(6). Let p(g) = -g**2 + 13*g + 5. Let q be p(13). Let i be (q + -11)*(-4)/1. Calculate the highest common factor of i and s.
12
Suppose 6*h + 3 = 5*h, -3*h - 4 = -5*m. Let y be (10 + -1)*1*m. Let j be (y/(-6))/(3/34). Calculate the greatest common factor of j and 119.
17
Let u(g) = 5*g + 35. Let x(b) = -2*b**2 + 6*b - 9. Let p = -45 + 47. Let v be x(p). Let d be u(v). Calculate the greatest common divisor of d and 25.
5
Suppose -10 = 5*s, -4*s - 16 = -3*a + 10. Let y be ((4 - a) + 4)*9/2. Calculate the highest common factor of 72 and y.
9
Suppose 2*v - 4*c = -6, -12 = -3*v + 7*v - 4*c. Let f be 0 - -13 - (0/v - 5). What is the greatest common factor of f and 27?
9
Suppose 3*r + p = 718, 5*r - 68*p + 69*p - 1194 = 0. Calculate the highest common divisor of 289 and r.
17
Let m = 38 - 43. Let g = 12 - m. Suppose 6*f = 5*f + g. Calculate the greatest common factor of 102 and f.
17
Let o = -16 - -19. Let g = o + -27. Let d = -12 - g. Calculate the highest common divisor of d and 156.
12
Let q(s) = -15*s**2 - 24*s - 11. Let g(n) = -7*n**2 - 12*n - 5. Let a(c) = -9*g(c) + 4*q(c). Let b be a(-9). Calculate the greatest common divisor of 34 and b.
34
Suppose 0*s = -22*s - 5*s + 74250. Calculate the greatest common divisor of 660 and s.
110
Let m(o) = -5*o - 4. Let a be m(-8). Let n = -5065 + 5113. What is the greatest common factor of n and a?
12
Let y = -1890 - -2874. What is the highest common factor of 48 and y?
24
Suppose 5*q = 4 + 36. Let g(u) = u**3 - 5*u**2 - 7*u - 17. Let n be g(q). Let y be (-9)/(-6) + 62/4. What is the greatest common divisor of y and n?
17
Suppose 3*i - 257 = -8*m + 191, 4*i = -5*m + 280. Calculate the highest common factor of m and 105.
7
Suppose -8 = j + 13. Let w = -13 - j. Suppose w*u - 18 = 2*u. Calculate the greatest common divisor of 33 and u.
3
Suppose -y = 5*h - 11247, -110*h + 3*y - 4491 = -112*h. What is the highest common factor of 60 and h?
30
Suppose 0 = -2*x - 3 + 63. Let r = 16 - -2. Suppose 5*d - r = 42. What is the greatest common factor of d and x?
6
Let s be (-1256)/14 + (-12)/42. Let q be (-1 + s)*240/(-140). Let g = 218 + q. What is the greatest common factor of 34 and g?
34
Let g(c) = -c**3 + 4*c**2 + 25*c - 74. Let s be g(6). Let n be ((6 - (6 + s)) + -10)*-14. Calculate the greatest common factor of n and 4.
4
Suppose -u + 3 = 0, -i - 3*i + 5*u + 5 = 0. Suppose -i*w = -6*w + 38. Let g be (4 + -337 + -9)*(25/15)/(-5). What is the greatest common factor of w and g?
38
Suppose -16*t - t = -119. Let m(f) = f**3 - 9*f**2 + 14*f + 10. Let s be m(t). Calculate the highest common divisor of 130 and s.
10
Let z be ((-16)/(-24) - 26/12)*-6. Let j be -1 - (-6 + 2/(6/z)). Suppose -j*f = 2*f - 896. What is the highest common factor of f and 32?
32
Let w = 338 - 334. Suppose 2*y + 8 = 0, w*b + 8*y - 3*y = 700. What is the highest common factor of b and 144?
36
Suppose -24 = -4*o + o. Let f be (-1 + 2)*(o + 21). Let l = 180 + f. What is the greatest common factor of 19 and l?
19
Let f be (6/9)/(-14 + 9250/660). Calculate the highest common factor of f and 1034.
22
Suppose 0 = 29*d - 6744 + 1002. What is the highest common factor of 2838 and d?
66
Let z = -22 - -72. Let c be (z/3)/((-12)/(-342)). Suppose c + 285 = 5*a. Calculate the greatest common divisor of a and 38.
38
Suppose 1083 = -2*r + 3*j, -4*r - 28*j - 2131 = -27*j. Let d = r + 546. What is the highest common divisor of 156 and d?
12
Suppose 2*i - 4*v - 32 = 0, -3*v + 39 = 64*i - 61*i. What is the highest common divisor of 994 and i?
14
Let l = 180 + 384. Suppose 0 = -0*v + 2*v + l. Let t = 425 + v. What is the highest common factor of t and 13?
13
Let d = -6145 - -6181. What is the greatest common divisor of d and 1602?
18
Suppose -9*p + 11571 = -3*f - 2*f, 0 = 2*p - 2*f - 2574. What is the greatest common divisor of p and 48?
12
Let x = -8586 + 9396. What is the greatest common factor of x and 120?
30
Let z = 2556 - 2204. Calculate the highest common factor of 242 and z.
22
Suppose -5*w + 4*b = -19107, w = 5*b + 2083 + 1709. What is the highest common divisor of 301 and w?
43
Suppose 0 = -2*o + 75 + 73. Let l = o - -266. What is the greatest common factor of 51 and l?
17
Let y = 731 - 506. What is the highest common divisor of y and 55?
5
Suppose -13*j - 435 = 670. Let y be -4 + j*(-2)/5. Calculate the highest common factor of y and 18.
6
Suppose 5*y - 147 = -s - 124, 18 = 2*s - 4*y. Let a be (2 - 2)*-1 - -442. Calculate the greatest common divisor of a and s.
13
Let n = 5491 + -4763. Calculate the greatest common divisor of 224 and n.
56
Let d = -92 + 59. Let l = d + 37. Let z be 9/(-18) - (-222)/l. What is the greatest common divisor of 11 and z?
11
Let u(f) = -113*f - 681. Let o be u(-7). Calculate the great